In base 4, what is -22 - -10230?
10202
In base 9, what is 12 + -1?
11
In base 2, what is -1110000111 - 100?
-1110001011
In base 11, what is -315 - -3?
-312
In base 5, what is -144 - -4?
-140
In base 2, what is -10 - 110100100?
-110100110
In base 11, what is -a80 - -4?
-a77
In base 4, what is 10321 - -12?
10333
In base 4, what is -212 + 10?
-202
In base 10, what is -56 - 2?
-58
In base 5, what is 4 - 1024?
-1020
In base 10, what is 65 - 0?
65
In base 11, what is 1189 + -5?
1184
In base 15, what is 3 - 63?
-60
In base 14, what is a95 - -1?
a96
In base 13, what is 20 - -16?
36
In base 14, what is -496 + -3?
-499
In base 7, what is 1464 + 2?
1466
In base 3, what is 1021022 + 111?
1021210
In base 14, what is -d - -114?
105
In base 15, what is e + -2?
c
In base 4, what is 1 + 23000?
23001
In base 3, what is 202 - 1?
201
In base 16, what is -3 + 53?
50
In base 14, what is -17 + 8?
-d
In base 8, what is 1 + 67?
70
In base 3, what is 1002 - 12?
220
In base 9, what is -2 + 7163?
7161
In base 6, what is -2 - -531?
525
In base 3, what is -111101 + -10?
-111111
In base 16, what is -1 - 6ab?
-6ac
In base 6, what is 40510 + 4?
40514
In base 6, what is 2331 - 5?
2322
In base 11, what is -1 - 924?
-925
In base 14, what is -4843 + 3?
-4840
In base 3, what is -12 - 21201?
-21220
In base 3, what is -21110 - -1022?
-20011
In base 5, what is 1 + -32?
-31
In base 4, what is -100333 - 0?
-100333
In base 7, what is 505 - -3?
511
In base 2, what is -1110100 + 101?
-1101111
In base 8, what is -7 + -715?
-724
In base 8, what is -6312 - 2?
-6314
In base 11, what is -479 - 3?
-481
In base 2, what is -111001111 + 11110?
-110110001
In base 5, what is -10 - 3010?
-3020
In base 10, what is -25 + -11?
-36
In base 8, what is 11 - -56?
67
In base 7, what is -411 - 6?
-420
In base 12, what is -b + 7?
-4
In base 15, what is -a + 1a?
10
In base 4, what is -2 - -11300?
11232
In base 13, what is -1aa - 36?
-213
In base 11, what is 3 - -23a?
242
In base 10, what is -339 + 4?
-335
In base 9, what is 1517 - -8?
1526
In base 3, what is -11 - -122?
111
In base 15, what is 11 + 1c?
2d
In base 14, what is -1 + 3?
2
In base 13, what is -5 - -34?
2c
In base 13, what is 9 + -3?
6
In base 5, what is -1001 - 10?
-1011
In base 7, what is -5061 + -23?
-5114
In base 11, what is -3 - -1315?
1312
In base 6, what is 0 + -42?
-42
In base 2, what is -10001001000 + 11?
-10001000101
In base 12, what is 0 - -2a01?
2a01
In base 8, what is 104 - 0?
104
In base 10, what is 3 + 5?
8
In base 14, what is d86 - 2?
d84
In base 11, what is 5 - -23?
28
In base 16, what is d - -38?
45
In base 7, what is 5 + 65?
103
In base 9, what is 82 + 0?
82
In base 4, what is -1 - -100?
33
In base 7, what is -24 + -105?
-132
In base 14, what is -5 + -113?
-118
In base 12, what is -119 + -19?
-136
In base 11, what is -104 + -8a?
-193
In base 15, what is 469 - 7?
462
In base 12, what is 1b3 - 4?
1ab
In base 8, what is 22072 - -3?
22075
In base 6, what is 10 - 13?
-3
In base 13, what is b - 67c?
-671
In base 14, what is -48 + -151?
-199
In base 12, what is -23 - -a?
-15
In base 3, what is 200012 + 111?
200200
In base 12, what is 2 + -505?
-503
In base 9, what is 20 - -11?
31
In base 6, what is 5 - 13024?
-13015
In base 11, what is 5 + -899?
-894
In base 4, what is -11 + -2200?
-2211
In base 9, what is 453 - -21?
474
In base 8, what is 71 - 12?
57
In base 4, what is -21202 - 11?
-21213
In base 15, what is -21 + c?
-14
In base 2, what is 1 - -1101101?
1101110
In base 15, what is 5 + -8?
-3
In base 14, what is 125 + -2?
123
In base 15, what is 56b - 1?
56a
In base 4, what is -10 + 102?
32
In base 16, what is -7b - 3?
-7e
In base 7, what is -114 + -25?
-142
In base 5, what is -3203 - -2?
-3201
In base 15, what is 1 - 6?
-5
In base 12, what is -3a4 + -2?
-3a6
In base 14, what is 37 - b?
2a
In base 7, what is 0 - 3?
-3
In base 3, what is -202 + -1020111?
-1021020
In base 13, what is -18 - 7?
-22
In base 4, what is 2312322 - 2?
2312320
In base 7, what is 63 - 145?
-52
In base 13, what is a + -1b?
-11
In base 14, what is 21 + 86?
a7
In base 15, what is -1 + 2b8?
2b7
In base 2, what is -1100010010 + -100?
-1100010110
In base 16, what is -1 + -e?
-f
In base 14, what is 7 + -6?
1
In base 3, what is 0 + -112?
-112
In base 4, what is 1011 - 21?
330
In base 15, what is -e - -3e?
30
In base 13, what is -8 - 4?
-c
In base 5, what is -14 + 1424?
1410
In base 10, what is -608 - 23?
-631
In base 3, what is 121 - 110?
11
In base 15, what is -1 + -19?
-1a
In base 9, what is 5 - -187?
203
In base 8, what is -3 - 165?
-170
In base 2, what is -11 + -1000010110?
-1000011001
In base 12, what is 2a2 - -35?
317
In base 14, what is 14d + -3?
14a
In base 8, what is -5 + 1304?
1277
In base 16, what is 6b4 - -1?
6b5
In base 3, what is -12 + 202110?
202021
In base 2, what is -10 - 110001?
-110011
In base 2, what is -1 - -100010?
100001
In base 2, what is -101 + -11000010001?
-11000010110
In base 14, what is -6c - -5?
-67
In base 13, what is -ba - 2a?
-117
In base 9, what is -33 + 4?
-28
In base 16, what is 5 - -53?
58
In base 15, what is -56 - 5?
-5b
In base 9, what is -1267 + -2?
-1270
In base 5, what is -113 + -10?
-123
In base 3, what is -1100 - -12?
-1011
In base 14, what is -11 + -247?
-258
In base 15, what is 2 - 64?
-62
In base 15, what is -151 + -4?
-155
In base 2, what is -101110111 - 10?
-101111001
In base 8, what is -47 + -157?
-226
In base 16, what is 6 - -108?
10e
In base 9, what is 12 + -1?
11
In base 2, what is 10011001110011 - 100?
10011001101111
In base 13, what is -11 - -240?
22c
In base 12, what is -3 - -201?
1ba
In base 12, what is 6 + 160?
166
In base 6, what is -534 - -14?
-520
In base 5, what is 41 - 23?
13
In base 5, what is 3041 + 4?
3100
In base 6, what is -52 + 2?
-50
In base 2, what is 0 + -111001001011?
-111001001011
In base 5, what is -132 - 13?
-200
In base 10, what is 3 - 2782?
-2779
In base 12, what is 187 - 1?
186
In base 15, what is -6 - -43?
3c
In base 3, what is -12 - 1211112?
-1211201
In base 6, what is -14 + 240?
222
In base 11, what is -89 - -17?
-72
In base 13, what is -2a + -7c?
-a9
In base 4, what is -122222 - 2?
-122230
In base 7, what is 3413 - -4?
3420
In base 16, what is -aa - -30?
-7a
In base 3, what is 2111 + 101?
2212
In base 14, what is c9c - -3?
ca1
In base 5, what is -112 + -142?
-304
In base 15, what is -41 + 6d?
2c
In base 5, what is -10 + -1141?
-1201
In base 12, what is -91 + 4?
-89
In base 4, what is -2 - -3321?
3313
In base 7, what is 3 + 34?
40
In base 12, what is -4 - 68?
-70
In base 2, what is 10 - -1001?
1011
In base 4, what is 2321 + -10?
2311
In base 2, what is -100 - 100100111000?
-100100111100
In base 3, what is -1 - 220?
-221
In base 16, what is 4 - e?
-a
In base 6, what is 2431 + -12?
2415
In base 6, what is 4 + 32?
40
In base 8, what is -4 + 66?
62
In base 13, what is -2 + -8?
-a
In base 4, what is -130 + -13121?
-13311
In base 15, what is 8c + -2?
8a
In base 16, what is -2 + 3c?
3a
In base 14, what is 6a + ad?
139
In base 8, what is 1 + -15?
-14
In base 8, what is 20 - 17?
1
In base 8, what is -606 - 6?
-614
In base 12, what is 0 + -2682?
-2682
In base 14, what is 4 - -555?
559
In base 15, what is -5 + 5d?
58
In base 6, what is 21 + 31?
52
In base 8, what is 503 + -3?
500
In base 2, what is 10 + 100101111?
100110001
In base 9, what is 4 - -28?
33
In base 7, what is 14 + 1?
15
In base 8, what is -2637 + -2?
-2641
In base 3, what is -1 + -2021212?
-2021220
In base 9, what is -112 + -4?
-116
In base 11, what is a - -10?
1a
In base 14, what is -5 + -186?
-18b
In base 8, what is 21013 - -3?
21016
In base 8, what is 22 + 1021?
1043
In base 4, what is -1110 - 111?
-1221
In base 10, what is 68 - -31?
99
In base 7, what is 6 - -1225?
1234
In base 6, what is 5320 - -2?
5322
In base 15, what is 1b - 2c?
-11
In base 8, what is -1 + -565?
-566
In base 5, what is 401 - -2?
403
In base 12, what is 4 + 510?
514
In base 5, what is 22100 + 4?
22104
In base 7, what is 52515 + -4?
52511
In base 10, what is 35 + -1?
34
In base 4, what is 311 + 0?
311
In base 6, what is 311 - 25?
242
In base 11, what is 289 + -15?
274
In base 16, what is 207 - 1?
206
In base 3, what is 202001 - -2?
202010
In base 8, what is 13 + -3?
10
In base 14, what is 5 - 342?
-33b
In base 2, what is -1111010101 - 10?
-1111010111
In base 8, w